{"id":3028,"date":"2021-10-11T12:33:24","date_gmt":"2021-10-11T09:33:24","guid":{"rendered":"https:\/\/www.cukurovaroof.com\/?page_id=3028"},"modified":"2022-11-01T21:38:35","modified_gmt":"2022-11-01T18:38:35","slug":"cephe-kaplama","status":"publish","type":"page","link":"https:\/\/www.cukurovaroof.com\/index.php\/cephe-kaplama\/","title":{"rendered":"\u00c7at\u0131 ve Cephe Sistemleri"},"content":{"rendered":"\t\t<div data-elementor-type=\"wp-post\" data-elementor-id=\"3028\" class=\"elementor elementor-3028\" data-elementor-settings=\"[]\">\n\t\t\t\t\t\t\t<div class=\"elementor-section-wrap\">\n\t\t\t\t\t\t\t<section class=\"elementor-section elementor-top-section elementor-element elementor-element-e8819a9 elementor-reverse-tablet elementor-reverse-mobile elementor-section-boxed elementor-section-height-default elementor-section-height-default\" data-id=\"e8819a9\" data-element_type=\"section\">\n\t\t\t\t\t\t<div class=\"elementor-container elementor-column-gap-default\">\n\t\t\t\t\t<div class=\"elementor-column elementor-col-100 elementor-top-column elementor-element elementor-element-4af4ec2\" data-id=\"4af4ec2\" data-element_type=\"column\">\n\t\t\t<div class=\"elementor-widget-wrap elementor-element-populated\">\n\t\t\t\t\t\t\t\t<section class=\"elementor-section elementor-inner-section elementor-element elementor-element-465aa4f elementor-section-boxed elementor-section-height-default elementor-section-height-default\" data-id=\"465aa4f\" data-element_type=\"section\">\n\t\t\t\t\t\t<div class=\"elementor-container elementor-column-gap-no\">\n\t\t\t\t\t<div class=\"elementor-column elementor-col-50 elementor-inner-column elementor-element elementor-element-33aebf4\" data-id=\"33aebf4\" data-element_type=\"column\">\n\t\t\t<div class=\"elementor-widget-wrap elementor-element-populated\">\n\t\t\t\t\t\t\t\t<div class=\"elementor-element elementor-element-5949d62 elementor-widget elementor-widget-image\" data-id=\"5949d62\" data-element_type=\"widget\" data-widget_type=\"image.default\">\n\t\t\t\t<div class=\"elementor-widget-container\">\n\t\t\t\t\t\t\t\t\t\t\t\t\t\t\t<img loading=\"lazy\" decoding=\"async\" width=\"1280\" height=\"856\" src=\"https:\/\/www.cukurovaroof.com\/wp-content\/uploads\/2022\/11\/cati-sistemleri.jpg\" class=\"attachment-full size-full\" alt=\"\" srcset=\"https:\/\/www.cukurovaroof.com\/wp-content\/uploads\/2022\/11\/cati-sistemleri.jpg 1280w, https:\/\/www.cukurovaroof.com\/wp-content\/uploads\/2022\/11\/cati-sistemleri-300x201.jpg 300w, https:\/\/www.cukurovaroof.com\/wp-content\/uploads\/2022\/11\/cati-sistemleri-1024x685.jpg 1024w, https:\/\/www.cukurovaroof.com\/wp-content\/uploads\/2022\/11\/cati-sistemleri-768x514.jpg 768w\" sizes=\"(max-width: 1280px) 100vw, 1280px\" \/>\t\t\t\t\t\t\t\t\t\t\t\t\t\t\t<\/div>\n\t\t\t\t<\/div>\n\t\t\t\t\t<\/div>\n\t\t<\/div>\n\t\t\t\t<div class=\"elementor-column elementor-col-50 elementor-inner-column elementor-element elementor-element-7e79941\" data-id=\"7e79941\" data-element_type=\"column\">\n\t\t\t<div class=\"elementor-widget-wrap elementor-element-populated\">\n\t\t\t\t\t\t\t\t<div class=\"elementor-element elementor-element-6dd2a0c elementor-widget elementor-widget-text-editor\" data-id=\"6dd2a0c\" data-element_type=\"widget\" data-widget_type=\"text-editor.default\">\n\t\t\t\t<div class=\"elementor-widget-container\">\n\t\t\t\t\t\t\t<h3><strong>\u00c7at\u0131 ve Cephe Sistemleri<\/strong><\/h3><p>\u00a0<\/p><p><strong>\u00c7at\u0131 Nedir Ne \u0130\u015fe Yarar?<\/strong><\/p><p><span style=\"font-family: var( --e-global-typography-text-font-family ), Sans-serif; font-weight: var( --e-global-typography-text-font-weight ); letter-spacing: 0px;\">\u00c7at\u0131 mevsim ko\u015fullar\u0131ndan korunmam\u0131za, korunakl\u0131 bir ya\u015fam ge\u00e7irmemize yard\u0131mc\u0131 olan en \u00f6nemli yap\u0131 unsurlar\u0131ndan biridir. \u00c7at\u0131n\u0131n g\u00f6revi, bir evin veya herhangi bir ya\u015fam alan\u0131n\u0131n ya\u011fmur, r\u00fczgar, gibi etkilerden korunmas\u0131n\u0131n sa\u011flanmas\u0131d\u0131r. \u00c7at\u0131lar\u0131n g\u00fc\u00e7l\u00fc olmas\u0131 \u00f6zellikle evlerde olduk\u00e7a \u00f6nemlidir.<\/span><\/p><p><strong>D\u0131\u015f Cephe Giydirme Nedir ?<\/strong><\/p><p>Giydirme d\u0131\u015f cepheler, y\u00fcksek katl\u0131 yap\u0131larda kal\u0131n ve hantal beton duvarlar\u0131n yerine ince bir cephenin olmas\u0131n\u0131 sa\u011flamaktad\u0131r. B\u00f6ylece bina y\u00fck\u00fcnde ciddi bir azalma ve yap\u0131n\u0131n i\u00e7indeki kullan\u0131m alan\u0131n\u0131n geni\u015flemesine katk\u0131 sunmaktad\u0131r.<\/p><p><strong>D\u0131\u015f Cephe Mantolama Nedir ?<\/strong><\/p><p>Mantolama, bina d\u0131\u015f y\u00fczeyine kompozit yal\u0131t\u0131m malzemelerinin kaplanmas\u0131 tekni\u011fiyle yap\u0131lan bir \u0131s\u0131 yal\u0131t\u0131m\u0131 uygulamas\u0131d\u0131r. \u00dclkemizde enerji verimlili\u011fi kanununun y\u00fcr\u00fcrl\u00fc\u011fe girmesinden sonra en \u00e7ok tercih edilen d\u0131\u015f cephe \u0131s\u0131 yal\u0131t\u0131m\u0131 uygulamas\u0131d\u0131r.<\/p><p><strong>Mekanik D\u0131\u015f Cephe Nedir ?<\/strong><\/p><p>Mekanik cephe kaplama uyguland\u0131\u011f\u0131 binan\u0131n cephe \u00f6mr\u00fcn\u00fc uzatmak amac\u0131yla uygulanan bir mekanik ta\u015f kaplama sistemidir. Bu sistemde galvanizli sac ve yahut da \u00e7elik ankraj tercih edilirken, do\u011fal ta\u015f malzemelerle yap\u0131 kaplan\u0131yor.<\/p><p>\u00a0<\/p>\t\t\t\t\t\t<\/div>\n\t\t\t\t<\/div>\n\t\t\t\t\t<\/div>\n\t\t<\/div>\n\t\t\t\t\t\t\t<\/div>\n\t\t<\/section>\n\t\t\t\t\t<\/div>\n\t\t<\/div>\n\t\t\t\t\t\t\t<\/div>\n\t\t<\/section>\n\t\t\t\t\t\t<\/div>\n\t\t\t\t\t<\/div>\n\t\t","protected":false},"excerpt":{"rendered":"<p>\u00c7at\u0131 ve Cephe Sistemleri \u00a0 \u00c7at\u0131 Nedir Ne \u0130\u015fe Yarar? \u00c7at\u0131 mevsim ko\u015fullar\u0131ndan korunmam\u0131za, korunakl\u0131 bir ya\u015fam ge\u00e7irmemize yard\u0131mc\u0131 olan en \u00f6nemli yap\u0131 unsurlar\u0131ndan biridir. \u00c7at\u0131n\u0131n g\u00f6revi, bir evin veya herhangi bir ya\u015fam alan\u0131n\u0131n ya\u011fmur, r\u00fczgar, gibi etkilerden korunmas\u0131n\u0131n sa\u011flanmas\u0131d\u0131r. \u00c7at\u0131lar\u0131n g\u00fc\u00e7l\u00fc olmas\u0131 \u00f6zellikle evlerde olduk\u00e7a \u00f6nemlidir. D\u0131\u015f Cephe Giydirme Nedir ? Giydirme d\u0131\u015f cepheler, [&hellip;]<\/p>\n","protected":false},"author":1,"featured_media":0,"parent":0,"menu_order":0,"comment_status":"closed","ping_status":"closed","template":"elementor_header_footer","meta":{"footnotes":""},"_links":{"self":[{"href":"https:\/\/www.cukurovaroof.com\/index.php\/wp-json\/wp\/v2\/pages\/3028"}],"collection":[{"href":"https:\/\/www.cukurovaroof.com\/index.php\/wp-json\/wp\/v2\/pages"}],"about":[{"href":"https:\/\/www.cukurovaroof.com\/index.php\/wp-json\/wp\/v2\/types\/page"}],"author":[{"embeddable":true,"href":"https:\/\/www.cukurovaroof.com\/index.php\/wp-json\/wp\/v2\/users\/1"}],"replies":[{"embeddable":true,"href":"https:\/\/www.cukurovaroof.com\/index.php\/wp-json\/wp\/v2\/comments?post=3028"}],"version-history":[{"count":38,"href":"https:\/\/www.cukurovaroof.com\/index.php\/wp-json\/wp\/v2\/pages\/3028\/revisions"}],"predecessor-version":[{"id":3318,"href":"https:\/\/www.cukurovaroof.com\/index.php\/wp-json\/wp\/v2\/pages\/3028\/revisions\/3318"}],"wp:attachment":[{"href":"https:\/\/www.cukurovaroof.com\/index.php\/wp-json\/wp\/v2\/media?parent=3028"}],"curies":[{"name":"wp","href":"https:\/\/api.w.org\/{rel}","templated":true}]}}